ainder when 246 is divided by b.
45
Suppose 0 = -4*i - 5 + 13. Suppose -a + 5*a = -i*c + 40, 4*a - 5*c - 40 = 0. What is the remainder when 29 is divided by a?
9
Let b = 1705 - 1510. Calculate the remainder when b is divided by 82.
31
Let g(x) = -x**3 + 10*x**2 - 5*x + 2. Suppose 0 = -7*m + m + 24. Suppose 0 = -p + m. Calculate the remainder when g(p) is divided by 20.
18
Let j = 400 + -259. Calculate the remainder when j is divided by 35 + (1/2)/((-20)/(-40)).
33
Suppose 244*x - 225*x = 1805. What is the remainder when x is divided by 39?
17
Let m(q) = 3*q - 8. Let p be m(4). Suppose p*l = -l + 45. What is the remainder when l is divided by 5?
4
Let k(u) be the second derivative of -u**5/20 + 7*u**4/12 - 2*u**3/3 - u**2/2 + 16*u. Calculate the remainder when 27 is divided by k(6).
5
Let k(j) = 12*j**2 + 15*j + 21. What is the remainder when 311 is divided by k(-2)?
38
Suppose -3*t = -t - 14. Let w = 13 + t. What is the remainder when w is divided by 8?
4
What is the remainder when 4/(-14) - (5840/(-56) + -2) is divided by 37?
32
Suppose -4*w + 212 = 4*c, 3*c - 167 = -0*c + w. Calculate the remainder when c is divided by (-24)/(-84) - 131/(-7).
17
Suppose -s - 250 = -6*s. Let m be (-123)/(-82)*-2*4/6. What is the remainder when s is divided by ((-4 - m) + 3)*13?
11
Suppose 5*z - 3*a = -27 + 9, -z = a + 2. Let x(w) = w + 1. What is the remainder when 3/((-54)/30)*1*z is divided by x(1)?
1
Let t(g) = g**2 + 8*g + 32. Let d = 149 - 75. What is the remainder when d is divided by t(-7)?
24
Suppose 0 = -0*c + 2*c - 48. Let o = c - -8. Let r = 20 - 9. Calculate the remainder when o is divided by r.
10
Let s = -7 + 15. Suppose -55 = -3*l - 2*l - x, x + 5 = 0. Calculate the remainder when l is divided by s.
4
Suppose 0 = -15*q + 4*q + 3641. Calculate the remainder when q is divided by 37.
35
Let d(m) = -m**2 - 38*m + 740. Calculate the remainder when 1642 is divided by d(14).
10
Let l = -27 + 47. Suppose 7*h - 6*h - 6 = 0. What is the remainder when l is divided by h?
2
Let c(p) = 30 + 0*p**2 - 4*p - 33 - p + p**2. Let q be c(8). Suppose 2*y + 1 = q. What is the remainder when 28 is divided by y?
8
Suppose 5*y - 49 = -g, 0*y + 2*y - 337 = -5*g. Let d be -1 - 10*(-4)/8. Suppose 5*n = 15, -48 = -d*k + 5*n + 33. What is the remainder when g is divided by k?
21
Let p be (-4)/4 + -1 + 7. What is the remainder when 4290/40 - ((-10)/(-8))/p is divided by 18?
17
Suppose 5*j - j = 0. Suppose 2*g = t - 8, 2*t = 2*g + 3 + 5. Suppose t = -j*r + r - 8. What is the remainder when 13 is divided by r?
5
Let l be 8/12*(4 - (-94)/(-4)). Let z(p) = -p**3 - 12*p**2 + 11*p - 21. Calculate the remainder when 10 is divided by z(l).
0
What is the remainder when 2414/16 + (-14)/(-112) is divided by 31?
27
Let i(r) = 2*r + 26. Let n(b) = -b**2 + 8*b - 7. Let t be n(7). Suppose 2*z = -2*q + 3*q + 203, -q - 1 = t. What is the remainder when z is divided by i(0)?
23
Let a = 30 + -18. Let o(k) = -21*k. Calculate the remainder when o(-1) is divided by a.
9
Let g = 77 + -80. Calculate the remainder when 53 is divided by (g/6)/((-1)/38).
15
What is the remainder when 151 is divided by 495/25 + 20/(-25)?
18
Suppose -9 = -5*y + 26. Suppose 2*d - 5 = -7. Calculate the remainder when (1/d)/((-9)/117) is divided by y.
6
Calculate the remainder when (131/2)/((-3)/108*-6) is divided by 36.
33
Let l be (20*1 - -2) + 1. Let k be (-3)/(-2)*20/3. Suppose l = 3*b - k. What is the remainder when 42 is divided by b?
9
Suppose 0 = -10*r + 9*r + 2. Suppose 5*i + 2*b - 207 = 0, 2*i + 0*i - 84 = -r*b. Calculate the remainder when i is divided by 14.
13
Suppose 574*p - 583*p + 36 = 0. Calculate the remainder when p is divided by 3.
1
What is the remainder when 68 is divided by 376/28 + 3 + 102/(-42)?
12
Let l(r) = -8*r - 5. Let w = -18 + 20. Suppose w*h + 2*h = -12. Calculate the remainder when 35 is divided by l(h).
16
Let s be (-1)/2 + (-140)/(-56). Suppose s*v - 42 = -3*v + 3*g, g = -2*v + 8. What is the remainder when 22 is divided by v?
4
Let u be (-4)/3*((-45)/(-9) + -41). Calculate the remainder when 543/18 - 8/u is divided by 16.
14
Let y(t) = t**2 + 7*t + 8. Let f be y(9). Let i = f + -27. Calculate the remainder when i is divided by 32.
29
Suppose 3*h - 3 = 0, -d + h = 3*h. What is the remainder when (d + (-54)/12)*(-2 + 0) is divided by 8?
5
Let d(m) = -2*m + 9. Let o(j) = 2*j + 13. Let l(v) = -v**3 + 7*v**2 - v - 2. Let x be l(7). Let b be o(x). What is the remainder when 73 is divided by d(b)?
16
Let f(j) = -7*j. Let a be f(-1). Suppose 5*c = -2*m + 21, m - a = -2*c + 1. What is the remainder when -45*(-7)/(105/6) is divided by c?
3
Let i = 77 + -60. Calculate the remainder when i is divided by 3.
2
Suppose -c - 2*c + 36 = 0. Suppose 298*y = 278*y + 460. What is the remainder when y is divided by c?
11
Let c be 2/(-5) - (-1881)/15. Suppose -5*l + 160 + c = -t, l - t - 57 = 0. Calculate the remainder when l is divided by 12.
9
Let h = -110 - -347. What is the remainder when h is divided by 29?
5
Suppose 4*f = -3 + 31. Calculate the remainder when 2/4 - 294/(-12) is divided by f.
4
Let j(i) = i**3 - 30*i**2 + 34*i + 87. What is the remainder when j(29) is divided by 79?
74
Let q = 625 + -188. What is the remainder when q is divided by 88?
85
Let a(n) be the second derivative of -n**5/20 + 5*n**4/12 + n**3/2 - 3*n**2 - 7*n. Calculate the remainder when a(5) is divided by (6/(-4) - -1)*-4.
1
Suppose -2*w = -2*b + 164, -2*b + 3*w + 0*w + 165 = 0. Let l(v) = -13*v + 2. What is the remainder when b is divided by l(-2)?
25
Let w be (-70840)/224 + (-3)/4. Let u = -290 - w. Let b = -9 + 24. What is the remainder when u is divided by b?
12
Suppose -3*w - 20 = w, 2*d + 2*w = 1462. What is the remainder when 2/10 + d/20 is divided by 552/54 + 2/(-9)?
7
Let w = 65 - 46. Suppose l - 2 = 0, -z - l - 1 = 3*l. Let u = w + z. Calculate the remainder when u is divided by 4.
2
Let p(n) = 2*n**2 + 10*n + 10. Suppose 5*b - 2*m = -0*m - 24, -2*m = 6. What is the remainder when p(b) is divided by 8?
6
Suppose 5*l + 14 = -i, -5*i + 6*l = 2*l - 46. Let f(x) = -1 + 2 + 7*x + 11. Calculate the remainder when f(i) is divided by 19.
16
Let r be ((-5)/15)/((-2)/36). Let x be 4/(-6)*9/r. What is the remainder when 7 is divided by x*(-9)/(3 + 0)?
1
Let x(d) be the second derivative of 7*d**5/20 - d**3/6 - d**2 - 24*d. Calculate the remainder when x(3) is divided by 31.
29
Suppose 31*w = -6*w + 296. Calculate the remainder when 382 is divided by w.
6
Suppose -5*k - 3*h + 139 = 0, -12*k + 14*k - 56 = -h. Suppose z + 168 = 4*z. Calculate the remainder when z is divided by k.
27
Suppose -2*c - 2*j + 88 = 0, c - 16 - 31 = 2*j. What is the remainder when c is divided by 11?
1
Calculate the remainder when ((-7)/7)/((-1)/227) is divided by 33.
29
Suppose 2*d + 15 = 87. What is the remainder when 132 is divided by d?
24
Let x = -1590 + 1610. What is the remainder when 235 is divided by x?
15
Let y be 4/10 + 116/10. Let s = -155 - -153. Calculate the remainder when 51 is divided by 642/36 - s/y.
15
Let i = -16 - -29. Suppose 0 = -5*n - 0*n. Suppose n = 3*v - 197 - 67. What is the remainder when v is divided by i?
10
Let h be ((-11)/(-2) + -4)*2. Suppose -h*m + g + 30 = 0, 0*m + m - 26 = -5*g. Suppose 0 = 4*d - 79 + m. What is the remainder when d is divided by 10?
7
Let n(t) = -t**3 + 8*t**2 + 2*t + 4. Let f be n(5). Suppose -3*q + 28 = -f. Calculate the remainder when q is divided by 20.
19
Let d = -233 - -819. What is the remainder when d is divided by 42?
40
Let o = -14 - -59. Let t = -24 + o. Calculate the remainder when (-3)/(-4) - 459/(-12) is divided by t.
18
Suppose 4*c - 9*c = -955. Calculate the remainder when c is divided by (-2 - 14)*-1*1.
15
Let p(z) = -z**3 + z + 2. Let u be p(0). Suppose -u*f - 8 = -2*q, 3*q - 17 + 6 = 2*f. What is the remainder when 41 is divided by 2*(40/5 + q)?
19
Suppose 0*k + 3*k - 286 = -5*s, -2*k = 3*s - 171. Calculate the remainder when 169 is divided by s.
51
What is the remainder when 118 is divided by 1 - 0 - (-50 + 0)?
16
Suppose 0 = 3*z + 3, 3*z + 10 + 8 = 3*f. Suppose -18 = 2*p + f*q - 87, q = p - 45. Calculate the remainder when 124 is divided by p.
40
Suppose p - 3*p + 22 = 0. Let r = 12 - p. Calculate the remainder when (2 - r)*(-111)/(-3) is divided by 8.
5
Let c = -805 - -807. W